) in base 15?
1
-1b (base 12) to base 11
-21
What is -9 (base 16) in base 8?
-11
Convert -115 (base 10) to base 8.
-163
c (base 16) to base 5
22
What is 1 (base 6) in base 13?
1
Convert -4 (base 6) to base 3.
-11
Convert -2 (base 8) to base 10.
-2
What is 2 (base 13) in base 10?
2
Convert -4 (base 14) to base 6.
-4
What is 445 (base 7) in base 10?
229
What is -2 (base 9) in base 7?
-2
Convert 1 (base 8) to base 16.
1
5 (base 16) to base 12
5
Convert 5 (base 13) to base 6.
5
What is -140 (base 12) in base 4?
-3000
What is 211 (base 3) in base 13?
19
-24 (base 16) to base 13
-2a
-3 (base 10) to base 3
-10
Convert 4 (base 8) to base 11.
4
1 (base 8) to base 12
1
Convert 47 (base 12) to base 7.
106
What is 310 (base 5) in base 13?
62
What is -154 (base 9) in base 16?
-82
What is -2 (base 9) in base 8?
-2
-1132 (base 5) to base 10
-167
299 (base 10) to base 4
10223
3 (base 11) to base 5
3
Convert -b (base 14) to base 8.
-13
-71 (base 8) to base 2
-111001
Convert -4 (base 14) to base 7.
-4
Convert -201 (base 4) to base 16.
-21
111 (base 9) to base 15
61
What is 110011 (base 2) in base 16?
33
Convert 1 (base 7) to base 13.
1
-36 (base 7) to base 9
-30
Convert 7 (base 11) to base 10.
7
Convert 25 (base 12) to base 4.
131
-49 (base 16) to base 13
-58
21 (base 4) to base 3
100
What is 8 (base 12) in base 13?
8
Convert 4 (base 15) to base 8.
4
Convert -1101 (base 2) to base 14.
-d
123 (base 4) to base 15
1c
Convert -62 (base 11) to base 10.
-68
111001 (base 2) to base 11
52
1321 (base 4) to base 2
1111001
Convert -22 (base 4) to base 9.
-11
What is -40 (base 10) in base 15?
-2a
What is 2 (base 14) in base 15?
2
-7 (base 16) to base 5
-12
a (base 15) to base 11
a
Convert -1 (base 7) to base 9.
-1
Convert 5 (base 15) to base 5.
10
What is -2 (base 4) in base 10?
-2
What is 14 (base 15) in base 6?
31
-3 (base 13) to base 8
-3
5 (base 16) to base 11
5
Convert -341 (base 7) to base 6.
-452
What is -11 (base 7) in base 10?
-8
What is -10 (base 2) in base 9?
-2
What is 160 (base 15) in base 10?
315
Convert -4 (base 14) to base 15.
-4
What is -100 (base 12) in base 7?
-264
What is 0 (base 6) in base 7?
0
-1120 (base 3) to base 2
-101010
Convert 24 (base 9) to base 11.
20
Convert -4d (base 16) to base 2.
-1001101
Convert 111010 (base 2) to base 11.
53
Convert 4 (base 9) to base 7.
4
-101 (base 2) to base 10
-5
What is -35 (base 12) in base 16?
-29
Convert 0 (base 12) to base 7.
0
Convert -72 (base 8) to base 7.
-112
-11 (base 11) to base 4
-30
-74 (base 11) to base 3
-10000
What is -3 (base 13) in base 3?
-10
Convert 117 (base 8) to base 10.
79
-4 (base 16) to base 12
-4
What is -196 (base 13) in base 9?
-354
-27 (base 16) to base 7
-54
What is 11 (base 4) in base 5?
10
Convert 1c (base 16) to base 2.
11100
What is -257 (base 9) in base 3?
-21221
Convert 30 (base 6) to base 10.
18
-2 (base 13) to base 9
-2
Convert -110 (base 2) to base 7.
-6
What is -1000 (base 3) in base 2?
-11011
Convert 11 (base 5) to base 2.
110
What is 31 (base 7) in base 11?
20
21 (base 11) to base 5
43
Convert 3c (base 13) to base 4.
303
What is 5 (base 7) in base 10?
5
What is -3 (base 13) in base 2?
-11
What is -2 (base 9) in base 2?
-10
Convert 10 (base 6) to base 12.
6
-1 (base 4) to base 5
-1
-4 (base 6) to base 9
-4
What is 23 (base 4) in base 2?
1011
What is -34 (base 10) in base 3?
-1021
Convert 1001 (base 2) to base 4.
21
What is -6 (base 9) in base 11?
-6
2 (base 16) to base 6
2
24 (base 5) to base 3
112
13 (base 7) to base 16
a
What is -201 (base 6) in base 3?
-2201
7 (base 15) to base 11
7
13 (base 7) to base 11
a
-3 (base 14) to base 8
-3
-4 (base 10) to base 12
-4
What is 20 (base 11) in base 14?
18
3 (base 8) to base 3
10
What is -100 (base 3) in base 13?
-9
2 (base 5) to base 2
10
What is -220 (base 4) in base 12?
-34
What is 0 (base 4) in base 14?
0
1 (base 5) to base 16
1
-9 (base 11) to base 6
-13
1 (base 5) to base 2
1
Convert 19 (base 10) to base 7.
25
What is b (base 15) in base 9?
12
-101 (base 2) to base 6
-5
What is -19 (base 14) in base 2?
-10111
Convert 6 (base 13) to base 14.
6
What is 2 (base 5) in base 10?
2
-8 (base 9) to base 7
-11
What is 2 (base 15) in base 5?
2
-114 (base 7) to base 15
-40
71 (base 12) to base 16
55
1 (base 16) to base 14
1
Convert -5 (base 11) to base 15.
-5
3 (base 4) to base 13
3
-16 (base 11) to base 10
-17
Convert 3 (base 5) to base 12.
3
What is -5 (base 12) in base 4?
-11
Convert 42 (base 9) to base 10.
38
What is -210 (base 3) in base 8?
-25
100 (base 2) to base 5
4
Convert 10 (base 3) to base 9.
3
-173 (base 11) to base 5
-1301
Convert 3 (base 16) to base 11.
3
What is 162 (base 12) in base 6?
1002
What is 9 (base 14) in base 16?
9
Convert 5 (base 14) to base 12.
5
-6 (base 12) to base 9
-6
1 (base 7) to base 4
1
1 (base 3) to base 11
1
d (base 16) to base 3
111
17 (base 13) to base 7
26
2 (base 3) to base 8
2
-79 (base 16) to base 14
-89
Convert c (base 15) to base 14.
c
Convert 0 (base 4) to base 15.
0
Convert 1 (base 9) to base 11.
1
-56 (base 11) to base 16
-3d
Convert 293 (base 12) to base 16.
18f
What is 20 (base 3) in base 6?
10
Convert 10311 (base 4) to base 3.
102110
Convert -1b (base 12) to base 8.
-27
Convert -11 (base 7) to base 13.
-8
-3121 (base 4) to base 15
-e7
-11 (base 7) to base 12
-8
-1 (base 14) to base 7
-1
6 (base 15) to base 2
110
3 (base 14) to base 12
3
What is 48 (base 14) in base 12?
54
Convert -101 (base 2) to base 11.
-5
-79 (base 15) to base 9
-136
What is -c (base 13) in base 4?
-30
-84 (base 12) to base 10
-100
Convert 321 (base 9) to base 13.
172
Convert -1 (base 2) to base 6.
-1
Convert -5 (base 16) to base 4.
-11
Convert -22 (base 5) to base 12.
-10
-38 (base 10) to base 6
-102
What is 4 (base 13) in base 3?
11
Convert 113 (base 6) to base 9.
50
What is 234 (base 5) in base 7?
126
Convert -120 (base 3) to base 7.
-21
Convert 15 (base 10) to base 2.
1111
2 (base 16) to base 9
2
-134 (base 7) to base 4
-1022
Convert 75 (base 12) to base 7.
155
What is 1140 (base 6) in base 12?
1b0
Convert -36 (base 10) to base 7.
-51
Convert -10 (base 7) to base 10.
-7
Convert -6 (base 14) to base 13.
-6
What is 6 (base 16) in base 10?
6
-1 (base 11) to base 3
-1
Convert 25 (base 6) to base 10.
17
Convert 14 (base 6) to base 10.
10
Convert -12 (base 3) to base 10.
-5
Convert -10 (base 3) to base 16.
-3
-3 (base 6) to base 2
-11
-2 (base 13) to base 2
-10
-11 (base 6) to base 15
-7
What is 1010 (base 2) in base 14?
a
4 (base 11) to base 14
4
What is 20 (base 8) in base 14?
12
13 (base 11) to base 10
14
What is -1 (base 5) in base 15?
-1
What is 1 (base 4) in base 2?
1
13 (base 10) to base 9
14
Convert -2 (base 12) to base 16.
-2
16 (base 11) to base 5
32
Convert 20 (base 8) to base 2.
10000
Convert 1100 (base 2) to base 11.
11
22 (base 5) to base 4
30
12 (base 3) to base 11
5
Convert -2 (base 9) to base 4.
-2
What is -1 (base 16) in base 15?
-1
Convert 108 (base 11) to base 7.
243
2 (base 9) to base 8
2
What is -7 (base 13) in base 14?
-7
What is -15 (base 9) in base 12?
-12
-23 (base 11) to base 6
-41
What is 24 (base 6) in base 9?
17
Convert 52 (base 8) to base 10.
42
What is 15 (base 8) in base 2?
1101
Convert 2 (base 8) to base 3.
2
What is -2b (base 12) in base 10?
-35
2c (base 13) to base 14
2a
8 (base 11) to base 7
11
2 (base 14) to base 15
2
What is 55 (base 13) in base 11?
64
54 (base 15) to base 14
59
Convert -14 (base 8) to base 15.
-c
What is 133 (base 4) in base 2?
11111
What is 4 (base 11) in base 3?
11
-1010101 (base 2) to base 11
-78
5 (base 7) to base 16
5
Convert -156 (base 8) to base 7.
-215
Convert -63 (base 8) to base 3.
-1220
What is 9 (base 16) in base 13?
9
What is 5 (base 6) in base 10?
5
Convert a (base 16) to base 13.
a
-5 (base 8) to base 10
-5
What is 97 (base 11) in base 13?
82
Convert -84 (base 9) to base 15.
-51
What is 10 (base 2) in base 10?
2
What is -3 (base 8) in base 16?
-3
-254 (base 6) to base 13
-82
What is 9 (base 16) in base 8?
11
Convert 28 (base 9) to base 2.
11010
What is -19 (base 11) in base 7?
-26
What is 1 (base 6) in base 12?
1
-19 (base 11) to base 13
-17
Convert -32 (base 8) to base 2.
-11010
What is 11110 (base 2) in base 6?
50
-59 (base 13) to base 4
-1022
Convert 1 (base 8) to base 16.
1
What is 6 (base 12) in base 4?
12
8 (base 12) to base 8
10
What is 